 o(h) = h**3 - 15*h**2 + 27*h - 8. Let q be o(13). Suppose -6 = -n + 2*n + 3*p, q*n - 2*p - 21 = 0. Let x(k) = -k + 5. What is x(n)?
2
Let g be 0 + ((-20)/(-12))/(2/18). Let q(z) = -15 - 14 - 3*z + 0 + g. Give q(-6).
4
Let x(b) = 3*b**3 - b**2 - b + 1. Suppose 5*r = -5*t - 30, 24 = -r - 2*t + 7*t. Let d be (-52)/(-6) - 7 - 3/r. What is x(d)?
19
Let r = 0 - 7. Let f(v) be the second derivative of v**4/12 + 7*v**3/6 + 3*v**2/2 - v + 11056. Give f(r).
3
Let j(o) = 9*o**2 + 7*o - 1. Let u(w) = -w**3 - 9*w**2 + 12*w + 18. Let d be u(-10). Give j(d).
21
Let a(x) = 5*x**2 - 5*x - 16. Suppose 146*z - 21 = -151 - 162. Determine a(z).
14
Suppose 2*b + 6 - 22 = 0. Let n = 989 - 989. Let x(k) = -4 + 3*k**3 - 3*k**2 + n*k**3 + k**2 - 8*k + 11*k**2 - 4*k**3. Calculate x(b).
-4
Let q(j) be the third derivative of -17*j**5/60 + j**4/12 + j**3/6 + 27*j**2 - 247. Let c(w) = w**3 - 3*w**2 - 1. Let p be c(3). Determine q(p).
-18
Let g(j) = j**3 + 9*j - 3 - 83*j**2 - 10*j + 76*j**2 - 6*j. What is g(7)?
-52
Let p(f) = f**2 + 21*f - 3. Let d = -16232 - -16212. What is p(d)?
-23
Let j(r) = -3*r + 9. Suppose 14 - 30 = -4*w. Let b(i) = -i + 1. Let k(y) = -6*y + 11. Let l be k(2). Let h(c) = l*j(c) + w*b(c). Determine h(-8).
3
Let o(q) = 6*q - 2. Suppose -3*s = -f - 12, 2*s + s - 6 = 3*f. Let v = -4 + 8. Suppose s*k - 18 = -v*k. Give o(k).
10
Let o(r) = r**2 + 11*r + 5. Let x be (-31)/((-62)/(-24)) + 4. Determine o(x).
-19
Let s(n) = n**2 - 14*n + 33. Let j be s(3). Let i(h) = -h**3 + 2*h**2 + h - 7. What is i(j)?
-7
Let f(c) = -3*c - 66. Let v = 4828 + -4856. Give f(v).
18
Let u(n) be the first derivative of -n**4/4 - 2*n**3 + 23*n**2/2 + 49*n - 167. Let g be u(-8). Let x(b) = b**3 + 6*b**2 - 7*b - 6. Give x(g).
-6
Suppose 3*y + 2*z = 0, -11*y + 7*y = z - 5. Let m(w) = 142*w**y + 13*w - 5 - 10 - 143*w**2. Calculate m(11).
7
Suppose -4*x = -11 - 13. Suppose -r - 5 = -x. Let h(p) be the second derivative of 23*p**4/12 + p**3/6 - p**2/2 + p + 25. Determine h(r).
23
Suppose -3*h + q - 68 = -29, 4*q + 65 = -5*h. Let n(f) = -f**3 - 13*f**2 + 2*f - 4. Determine n(h).
-30
Let y(g) = 46*g**2 + 2*g + 1. Let l be 5/30*-9*10/(-3). Suppose -18 - 5 = 3*f - l*j, 0 = -f + 5*j - 21. Give y(f).
45
Suppose 17*o = 15*o. Let g be 2/4 + o + 910/(-364). Let n(v) = -4*v**2 - 2*v - 2. Calculate n(g).
-14
Let m(x) = -x**2 + 11*x - 22. Let f = -802 + 810. Suppose f*i - 2 = 10*i - 5*n, -4*i + 14 = -n. Give m(i).
6
Suppose -4*v + 15 - 3 = 2*g, -g = -v. Let m(x) = -265 + 3*x - 2*x**g - x + 521 - 260. Give m(3).
-16
Let i = -6016 + 6015. Let a(n) = -25*n**2 - 9*n. Determine a(i).
-16
Let y(z) = -2*z + 4. Suppose -4*a + 24 = k, 14 = 2*k + 2*a - 4. Suppose 2*i + 4*s = 24, 15 - 31 = 2*i - k*s. Calculate y(i).
0
Let n(w) = w + 0*w + 2*w - w. Let o(x) = -x**3 - 4*x**2 + 6*x + 11. Let i be o(-5). Let s(y) = y**3 - 6*y**2 - y + 13. Let u be s(i). Calculate n(u).
14
Suppose 5*d + 4 = 5*j - 6, 0 = -j + 5*d - 10. Let u(f) = -12*f + 14. Let l(z) = 5*z - 6. Let m(h) = j*l(h) + 2*u(h). Calculate m(-3).
-5
Let u(y) be the first derivative of -6*y**2 + 26*y - 3433. What is u(-9)?
134
Let m(z) be the second derivative of -5*z**4/3 + z**3/2 + z**2 + 9*z + 32. What is m(-1)?
-21
Let s(u) = 6*u**2 + 16*u - 22. Let c(q) = q**2 + 3*q - 4. Let b(w) = 11*c(w) - 2*s(w). What is b(5)?
-20
Let s = -216 + 217. Let w(v) = -3*v**2 + 1 + 0 - s - 4 - 84*v + 79*v. Give w(-2).
-6
Let w(m) = -m**3 + 0*m**2 + 0*m**3 + 8*m - 1 + 4*m**2. Let y = -10276 + 10282. What is w(y)?
-25
Let s(r) = -55*r - 9. Let q(u) = -28*u - 3 + 2 + 18*u. Let j(a) = -5*q(a) + s(a). Let t = 14 + -20. What is j(t)?
26
Let y(n) = -231 + 111 + 129 + 45*n. What is y(-1)?
-36
Let h(o) = 5*o - 42. Let d(x) = -6*x + 43. Let w(j) = 6*d(j) + 7*h(j). Calculate w(-8).
-28
Let s be ((-56)/4)/2 - 1/(-2)*4. Let w(v) = -v**3 - 5*v**2 - v - 1. Calculate w(s).
4
Let w(i) be the first derivative of -i**2/2 - 2*i - 13. Suppose 2*b + 18 = -r + 5, -r - 3*b - 16 = 0. Give w(r).
5
Let t(a) = 8 + 2741*a**2 + 2669*a**2 + 2744*a**2 - 8149*a**2 + a + a**3. Suppose 4*i = -v - 21, -8 = 5*i - 3*i. Calculate t(v).
3
Let f(a) = 11*a - 110. Suppose -134*l + 1936 = 494*l - 3716. Calculate f(l).
-11
Suppose 0 = 5*g + 2*p + 14, 5*g + 4*p + 105 = 87. Let m(r) = -r**3 - 2*r**2 + 2*r + 2. Calculate m(g).
-2
Let v(f) = 34681 - 17345 - 2*f - 17345. Calculate v(0).
-9
Let x(m) = -m**3 - 3*m**2 + 2*m + 5. Let s(i) = 2*i + 5*i**3 - i - 4*i**3 - 9*i**2 + 4 - 2*i + 0*i**3. Let q be s(9). Give x(q).
45
Let l(z) be the third derivative of -z**6/720 + z**5/12 - 17*z**4/12 - z**3/3 - 27*z**2. Let f(p) be the second derivative of l(p). Calculate f(0).
10
Let l(y) = -y**2 - 12*y + 12. Let h = 139 - 141. Let t be -19 + (5 + h - -3). Calculate l(t).
-1
Let z(j) = -j**2 + 17*j - 23. Let l(h) = h**3 + 10*h**2 + 15*h + 8. Let s be l(-8). What is z(s)?
-7
Let q(d) = 142*d**3 + d**2 - 4*d**3 - 143*d**3. Let l = -102 + 104. Determine q(l).
-36
Let q be 188/19 + ((-32)/304)/(-1). Let w(p) = -p**3 + 11*p**2 - 6*p + 12. Let v(x) = -x**3 + 11*x**2 - 7*x + 11. Let s(a) = -4*v(a) + 3*w(a). Determine s(q).
-8
Let y(k) = -50*k**2 + 17*k + 25. Let m(n) = -43*n**2 + 16*n + 23. Let l(d) = 7*m(d) - 6*y(d). Give l(9).
20
Let a(b) be the first derivative of -b**4/4 + 2*b**3 + 7*b**2/2 - 3*b - 24. Suppose 8*r - 60 = -12. Suppose -9 = -3*x, -3*s + 3*x + 6 = -r. What is a(s)?
-3
Suppose x + 5*l - 5 = 0, 4*x - 3*l + 41 = -8. Let d(r) be the third derivative of r**5/60 + 11*r**4/24 + 5*r**3/3 + 27*r**2. Determine d(x).
0
Let i(d) = -1260*d**2 + 1255*d**2 - 314 - 22*d + 327. Calculate i(-5).
-2
Suppose -109 = -7*a - 11. Let f be (((-40)/70)/(4/a))/1. Let h(d) = -d - 1. Give h(f).
1
Let n(u) = u**2 - 25*u + 60. Suppose 0 = 9*q + 72, -2*t + q = 4*q - 16. Give n(t).
-40
Suppose -31*a + 32*a + 3*w = 5, -3*a - 2*w + 15 = 0. Let c(q) be the third derivative of -q**6/120 + q**5/15 + q**4/6 - q**3 - 7*q**2. Give c(a).
-11
Let o be -4 + -5 + (4 - 1). Let h(u) be the first derivative of -u**3/3 - 7*u**2/2 - 9*u - 632. Give h(o).
-3
Let k(b) = -4*b**2 - 2*b + 1. Suppose -12*a + 1457 = -1555. Let x = -250 + a. Determine k(x).
-5
Suppose -3*i - 83 = 13. Let z = -29 - i. Suppose 5*j = z*j - 14. Let c(d) = -d**3 - 6*d**2 + 10*d + 7. Give c(j).
-14
Let i(h) = -h - 106. Let g(n) = -4*n - 319. Let c(s) = 2*g(s) - 6*i(s). Let m = -21 + 14. Determine c(m).
12
Suppose -4*o - 5*u + 288 = 0, -4*o = -0*u + 2*u - 288. Let w(g) = 217*g - o*g - 3 - 73*g - g**2 - 74*g. Determine w(-4).
-11
Let n(v) be the first derivative of -2*v**3 + v**2 - v + 1225. Give n(1).
-5
Suppose 4*f + 3*a = 85, -41 = -3*f - 104*a + 105*a. Let j(p) = -12*p + 144. What is j(f)?
-48
Let p(n) = 6 - n**2 - 1814*n + 1814*n. Suppose 12*u + 4*u = 96. Determine p(u).
-30
Let w = -9139 - -9137. Let y(m) = -28*m**2 + m + 8. Calculate y(w).
-106
Let c(d) be the first derivative of d**4/12 - d**3/3 - d**2/2 - 17*d - 76. Let o(p) be the first derivative of c(p). Calculate o(3).
2
Suppose -3*j + 46 = 4*d, 1196*d + j = 1195*d + 11. Let n(p) = p + 1. Let c(o) = -o - 11. Let u(r) = -c(r) - 2*n(r). What is u(d)?
-4
Let v(y) be the third derivative of -y**6/120 - y**5/30 + y**4/8 - 3*y**3/2 - 2*y**2 + 2614*y. Give v(-4).
11
Let p(y) = y**2 + 24*y + 77. Suppose 376*f - 358*f = -360. Determine p(f).
-3
Let m(z) = -181*z + 11051. Let d be m(61). Let f(b) = -b**2 + 2*b - 42. What is f(d)?
-122
Let z(g) be the second derivative of 11*g**3 + 3*g**2 + 7522*g. Determine z(-2).
-126
Let x(r) = r**3 - 4*r**2 - 3*r - 7. Let q(v) = v**3 - 6*v**2 + 2*v + 1. Let k be q(4). Let t = -29 - k. Let u be (10/t)/(1/(-3)). Determine x(u).
3
Let x = 1 + 6. Let u(s) be the second derivative of 31*s - 9/2*s**2 + 0 - 1/6*s**3. Calculate u(x).
-16
Let k(w) = 67*w + 170. Let b(y) = -67*y - 180. Let f(d) = -3*b(d) - 2*k(d). Give f(-3).
-1
Let g(c) = 14 - 55 + 12 + 2*c + 10. Let h(r) = 11*r**2 + 2*r. Let q = -3 - -4. Let x be h(q). What is g(x)?
7
Let h(o) be the third derivative of -o**8/6720 + o**7/504 - o**6/144 + o**5/60 - 5*o**4/12 + 33*o**2. Let z(n) be the second derivative of h(n). Determine z(3).
5
Let x be (-2155)/862*(-2)/5. Let f(j) = j**2 - 2*j - 1. Determine f(x).
-2
Let i(b) = b**2 + 9*b + 3. Suppose -2*d = -6*d + 3*d. Suppose d = 256*s - 244*s + 120. What is i(s)?
13
Let p(x) = 48*x + 281. Suppose -86 - 99 + 257 = -